19 - 20*x + 2*x**2 - 1026 + 2013. Calculate r(11).
-10
Let r = -1573 - -1582. Let j(g) = -g**3 + 9*g**2 - 2*g + 16. Determine j(r).
-2
Suppose 2*y = -4*x - 0*x + 268, 4*x - 536 = -4*y. Let p(l) = 131*l + 2 - 10 - y*l. Give p(-6).
10
Let n(h) = -2*h + 255. Let z(k) = -2*k + 297. Let s(l) = -7*n(l) + 6*z(l). Determine s(12).
21
Let m(p) = -16*p + 60*p - 8*p**2 + 38*p**3 - 17*p - 3*p**2 + 10 - 37*p**3. What is m(5)?
-5
Suppose 39*d = -41 + 158. Let z(b) = -1 - 5*b**3 + 3*b**d - 8*b**2 + 13*b - 11*b**3 + 14*b**3. Calculate z(6).
5
Let f = 2357 + -2353. Let g(k) = -k**3 + k**2 + 13*k - 2. What is g(f)?
2
Let m(s) = -s**2 + 6*s - 12. Suppose 410 = -3*l + 44*l. Calculate m(l).
-52
Let y = 10833 + -10840. Let x(b) = -b**3 - 6*b**2 - b + 8. Determine x(y).
64
Let y(k) = -3*k**2 - 45*k - 92. Let z be y(-2). Let b(v) = 4*v + 61. Determine b(z).
5
Let h(q) = q**3 + 2*q**2 - 4*q + 5. Let k(o) = 4*o**2 - 6. Let n(c) = -3*c**2 - c + 4. Let d(b) = 2*k(b) + 3*n(b). Let x be d(-4). Determine h(x).
-11
Let j(i) = -i**2 - i - 6. Let t(a) = 3*a**3 + 7*a**2 - a + 3. Let v be t(-2). Suppose -w + 3*n = v, 0 = 5*n + 2 - 17. Calculate j(w).
-6
Let g(f) = -f**2 + f + 16. Let a(b) = b**3 - b**2 + 8*b + 62. Let i(r) = a(r) - 4*g(r). Calculate i(-2).
-6
Let n be (11 - 17)*3/((-3)/2). Suppose -t = -5*r - 3*t + n, -3*t + 11 = 4*r. Let v(s) = 7*s + 54*s**2 + 9 + s**3 - 125*s**2 + 63*s**r. Give v(7).
9
Let h(i) = 323*i**2 + 326*i**2 - 6*i - 978*i**2 + 323*i**2. What is h(-4)?
-72
Let i be (-7)/((-931)/(-14)) + (-14816)/38. Let y = 398 + i. Let m(x) = x**2 - 7*x - 6. Give m(y).
2
Let w(x) = 38*x**2 + 64*x - 20. Let n(b) = 12*b**2 + 20*b - 6. Let v(m) = 16*n(m) - 5*w(m). Determine v(2).
12
Let u be ((-16)/20)/(0 - 2/(-10)). Let i be ((-8)/(-36))/(u/(-18)). Let d(p) = -p**2. Calculate d(i).
-1
Let x(q) be the first derivative of -q**4/4 - 10*q**3/3 - q**2 - 17*q + 317. Determine x(-10).
3
Let w(o) be the second derivative of -o**4/12 + 3*o**3/2 - 7*o**2/2 + 2*o. Suppose -2232 = 200*p - 208*p. Let f = p - 273. Determine w(f).
11
Let y(s) = 272 - 285 + 3548*s - 3534*s. Calculate y(6).
71
Let b(r) = -r**3 - 11*r**2 - 7*r + 6. Let h = 11471 - 11481. Determine b(h).
-24
Let c be 3/(-5) - (-563)/5. Suppose 109*i - c*i + 186 = 0. Let f(n) = -63*n**3 + 124*n**3 + 2 - n + 10*n**2 - i*n**3. Determine f(10).
-8
Let x(y) = -184*y - 182*y + 549*y - 68 - 184*y. Determine x(-14).
-54
Let m(y) = -3*y**2 - y + 3. Let w(o) = 2*o**2 + 3*o + 13. Let p(g) = m(g) + w(g). Give p(-6).
-32
Suppose 31*u = 26*u + 60. Suppose -t = 2*n + u, -7 = 4*t - 3*n + 8. Let c(h) = 3*h + 20. Calculate c(t).
2
Let a(t) = -28*t + 680. Let i(b) = b**2 + 71*b + 864. Let w be i(-56). Calculate a(w).
8
Let a(m) be the second derivative of -35*m**3/6 - m**2 + 38*m. Let w be a(1). Let t = 40 + w. Let f(k) = -4*k - 4. Calculate f(t).
-16
Let f(t) = -t**2 + 27*t + 130. Suppose 6106*r = 6086*r + 620. Determine f(r).
6
Suppose 4*m = 3*m. Let g(y) be the first derivative of 1/2*y**2 + 100 + 4*y + 1/4*y**4 - 1/3*y**3. Determine g(m).
4
Let j(m) = -m**3 - 6*m**2 - m + 2. Suppose 73 = 4*r - 5*o, -r - o = -5 - 2. Suppose -11*n + r*n - 3 = 0. Suppose -5*x - 18 = -n*c, 5*x + c + 6 = -28. Give j(x).
8
Let q = 7 + -3. Let o(w) = 5*w - 10. Let b be o(q). Let x(z) = b + 2*z - z**2 - 11 - z. What is x(2)?
-3
Let d(x) be the second derivative of x**5/20 - x**4/4 + x**3/3 - x**2/2 - 25*x + 24. Calculate d(2).
-1
Let s(u) = -4402*u**2 - 32 + 0*u + 1468*u**2 + 1467*u**2 + 1466*u**2 - 4*u. Calculate s(0).
-32
Let i(n) = 5 - 3*n**2 + 14*n - 13 + 4*n**2 + n - 4. What is i(-14)?
-26
Let x = -1 + 3. Let b(p) be the first derivative of p**4/6 + 74*p - 20. Let y(v) be the first derivative of b(v). Calculate y(x).
8
Let v be (-5 + 2 + 1)*(1 - -1). Let n(r) be the third derivative of r**6/120 + r**5/15 - r**4/8 + r**3/6 - 4*r**2. Determine n(v).
13
Let a be -1*7*6/(-7) + -2. Let w(d) = -d + 161893*d**2 - 2 - 161894*d**2 + 5*d. Calculate w(a).
-2
Let p(r) = -r**2 - 23. Let k(s) = s**3 - 21*s**2 + 38*s + 2. Let l be k(19). Let i = -13 - -23. Suppose 3*y + 0 = l*m + 6, -5*m + i = 5*y. Determine p(m).
-23
Let g(y) = -619*y - 1 - 620*y - 2 + 1240*y. Let m = 5 - -2. What is g(m)?
4
Let b(s) be the second derivative of s**5/20 - 9*s**4/2 + s**3/6 - 33*s**2 - 303*s - 5. Give b(54).
-12
Let n(v) = -v**3 - v**2 - v + 1. Let j(a) = -8*a**3 - 6*a + 4. Let z(k) = -j(k) + 3*n(k). Let f be 1/6 + (-190)/(-76) + (-6)/9. Determine z(f).
33
Let n(o) = 7*o**3 - 27*o**2 - 8*o + 48. Let c(r) = 20*r**3 - 79*r**2 - 23*r + 142. Let y(x) = -6*c(x) + 17*n(x). Determine y(15).
-6
Suppose 0 = -17*s - 623 + 538. Let w(n) be the third derivative of -n**4/12 + n**3/3 + n**2. Give w(s).
12
Let w(v) = 4*v**3 - 50*v**2 + 4*v - 16. Let k(u) = 11*u**3 - 137*u**2 + 12*u - 49. Let z(t) = -3*k(t) + 8*w(t). Calculate z(11).
-25
Let m = 3176 - 3173. Let s(q) = -q**2 + 8*q - 10. Determine s(m).
5
Let j = -167 - -184. Let x(g) = g**2 - 22*g + 81. Let l be x(j). Let f(s) = -s**2 - 3*s + 2. What is f(l)?
-2
Suppose 48*h = -5*h - 1537. Let r(l) = l**2 + 30*l + 35. Determine r(h).
6
Let x(j) = 2*j - 9336*j**2 + 9335*j**2 + 3*j + 4*j**3 - 6 - 3*j**3 - 3*j. Give x(2).
2
Let y(k) = -8*k + 13. Let d be (16/(-14))/(23*28/2254). What is y(d)?
45
Let f(d) = 2*d**2 + 9*d - 35. Let l be f(4). Let s(x) = 11*x + 11*x + 1 - l*x + 12*x. Calculate s(1).
2
Let p be 1*-8 + -375 + 384. Let i(b) be the third derivative of 29*b**6/120 + b**4/24 - 3*b**2. What is i(p)?
30
Let t be 4*-1 + (-64)/(-8). Let m be 2/(-6)*33/(-1). Let d(k) = -14*k**2 + 38*k + 22. Let h(u) = 5*u**2 - 13*u - 7. Let p(r) = m*h(r) + t*d(r). Give p(10).
1
Let d(f) = -7*f**3 + f**2 - 2*f - 2. Let t be d(-1). Let g(k) = k**2 - 4*k - t + 15 - 4. What is g(2)?
-1
Suppose -5*u = -30, 2*u + 75 - 62 = 5*p. Let b(a) be the second derivative of -1/2*a**2 - 1/3*a**3 + 0*a**4 + 0 + 3/5*a**p - 25*a. Calculate b(-1).
-11
Let o(n) be the first derivative of n**3/3 + n**2/2 + 4*n + 2. Suppose 4*g = 4*d - 16, -13*g - 96*d + 95*d + 4 = 0. Give o(g).
4
Let d be 2/(637/(-588) + ((-12)/9)/(-1)). Let w(l) = l**3 - 11*l**2 + 24*l + 4. Calculate w(d).
4
Let w(v) = -13*v - 47847264 + 0*v**2 - v**2 + 47847307. Give w(4).
-25
Let f be -12 + 25 + (-240)/16. Let c(n) = 8*n**2 + 18*n + 3. Calculate c(f).
-1
Let d(o) = 12*o - 35. Let k(j) = -4*j + 12. Let g(v) = -6*d(v) - 17*k(v). Let q(p) = p + 2. Let x = -85 + 88. Let a be q(x). Give g(a).
-14
Let c(j) = 96*j + 3 - 199*j - 2 + 94*j + 9. What is c(2)?
-8
Let m(l) = -23 - 2*l + l**3 + 0*l - 4*l**2 - 4*l + 5*l + 11. Give m(5).
8
Let q(f) = 5*f**2 - 6. Suppose -2*s + 15*s = 39. Let c(k) = 22*k**2 - 22. Let p(t) = s*c(t) - 11*q(t). Give p(-1).
11
Suppose -4*z - 61*b + 58*b = 28, -4*b + 16 = 0. Let h(p) = p**3 + 10*p**2 - 6*p - 55. Calculate h(z).
5
Let y(f) be the third derivative of f**4/24 + 3*f**3 - 22*f**2 + 57*f. What is y(-7)?
11
Let s(m) = -7*m**2 - 8*m + 4. Let c(k) = k**2 + 834*k - 1669. Let l be c(2). Determine s(l).
-83
Let i(r) = 17*r - 6*r + 1 - r**2 - 12*r + r**2 + r**2. Calculate i(2).
3
Let g(z) be the first derivative of z**4/4 + 4*z**3 + 11*z**2/2 - 8*z + 284. Give g(-11).
-8
Let o(h) be the second derivative of -h**5/20 - 11*h**4/12 - 13*h**3/6 + 33*h**2/2 + 127*h - 3. Calculate o(-9).
-12
Let y(b) be the third derivative of -b**4/24 - b**3/3 - b**2. Suppose 0 = 15*v + 57 - 2607. Suppose 185*n + 45 = v*n. What is y(n)?
1
Let j(v) = v**2 + 7*v + 14. Let n be j(-4). Let i(a) = 4 - a**n - 1 + 6*a - 5. Calculate i(4).
6
Suppose -22 = -6*q + 2. Let n(z) = -q*z**2 - z**3 + 1077 - 1073 + 2*z + z. What is n(-3)?
-14
Let s(x) = 15*x**3 + 2*x - 3. Let j be 4/6 - (16/(-3) - -5). Let b be s(j). Suppose -5*i = 6 + b. Let t(m) = -m. Determine t(i).
4
Let f be (-1)/(4/((-8)/(-3)))*-3. Let o(q) = -q + 1212*q**2 + 4*q - 1210*q**f + 1. Give o(-3).
10
Suppose -5*n - 6 + 1 = 0. Let o be (11 - 2) + (-12)/2. Let z(q) = 0*q**2 + o*q**2 + 0*q**2 + 6*q**2. Determine z(n).
9
Let v(x) = -2*x**2 + 2*x + 2. Let l = 168 + -166. Suppose 2*y - c = 2, 5*c + 12 = l*c. Calculate v(y).
-2
Let u(t) be the third derivative of -t**5/15 - t**4/8 + 2*t**3/3 + t**2 - 36. Let g = -50 + 47. What is u(g)?
-23
Let u = 1684 - 1676. Let g(i) be the first derivative of i**3/3 - 7*i**2/2 - 2*i + 5. Calculate g(u).
6
Let k(j) = 195*j - 170*j + j**3 + 1724*j**